5779
What are the prime factors of 33122?
2, 16561
What are the prime factors of 93935?
5, 18787
List the prime factors of 114042.
2, 3, 83, 229
List the prime factors of 45655.
5, 23, 397
List the prime factors of 672.
2, 3, 7
What are the prime factors of 3959?
37, 107
What are the prime factors of 2434?
2, 1217
List the prime factors of 67047.
3, 22349
What are the prime factors of 6050?
2, 5, 11
List the prime factors of 101694.
2, 3, 17, 997
List the prime factors of 300.
2, 3, 5
List the prime factors of 3661.
7, 523
List the prime factors of 1474.
2, 11, 67
What are the prime factors of 19063?
11, 1733
What are the prime factors of 2252?
2, 563
What are the prime factors of 1122?
2, 3, 11, 17
List the prime factors of 514.
2, 257
List the prime factors of 259.
7, 37
What are the prime factors of 45728?
2, 1429
What are the prime factors of 14?
2, 7
What are the prime factors of 1432?
2, 179
What are the prime factors of 255?
3, 5, 17
List the prime factors of 45059.
7, 41, 157
What are the prime factors of 27573?
3, 7, 13, 101
What are the prime factors of 13069?
7, 1867
What are the prime factors of 83918?
2, 41959
List the prime factors of 1881.
3, 11, 19
List the prime factors of 10070.
2, 5, 19, 53
List the prime factors of 2482.
2, 17, 73
What are the prime factors of 34826?
2, 11, 1583
List the prime factors of 133.
7, 19
What are the prime factors of 20728?
2, 2591
What are the prime factors of 6320?
2, 5, 79
List the prime factors of 289.
17
What are the prime factors of 2570?
2, 5, 257
List the prime factors of 1716.
2, 3, 11, 13
What are the prime factors of 3457?
3457
What are the prime factors of 24310?
2, 5, 11, 13, 17
List the prime factors of 19956.
2, 3, 1663
What are the prime factors of 1917?
3, 71
What are the prime factors of 509?
509
What are the prime factors of 1254?
2, 3, 11, 19
List the prime factors of 31585.
5, 6317
What are the prime factors of 547?
547
What are the prime factors of 6234?
2, 3, 1039
What are the prime factors of 645?
3, 5, 43
What are the prime factors of 5839?
5839
List the prime factors of 82214.
2, 11, 37, 101
List the prime factors of 1344.
2, 3, 7
List the prime factors of 842.
2, 421
List the prime factors of 15406.
2, 7703
List the prime factors of 47802.
2, 3, 31, 257
What are the prime factors of 3841?
23, 167
What are the prime factors of 3630?
2, 3, 5, 11
List the prime factors of 20589.
3, 6863
List the prime factors of 1028.
2, 257
What are the prime factors of 1583?
1583
List the prime factors of 9800.
2, 5, 7
List the prime factors of 4556.
2, 17, 67
List the prime factors of 16085.
5, 3217
What are the prime factors of 1953?
3, 7, 31
List the prime factors of 426.
2, 3, 71
What are the prime factors of 39651?
3, 13217
What are the prime factors of 27973?
11, 2543
List the prime factors of 1660.
2, 5, 83
List the prime factors of 12092.
2, 3023
List the prime factors of 252.
2, 3, 7
List the prime factors of 3859.
17, 227
List the prime factors of 746.
2, 373
What are the prime factors of 2533?
17, 149
What are the prime factors of 23005?
5, 43, 107
List the prime factors of 4635.
3, 5, 103
What are the prime factors of 69900?
2, 3, 5, 233
What are the prime factors of 4397?
4397
List the prime factors of 2612.
2, 653
What are the prime factors of 46386?
2, 3, 859
List the prime factors of 8361.
3, 929
List the prime factors of 20128.
2, 17, 37
List the prime factors of 1434.
2, 3, 239
What are the prime factors of 1384?
2, 173
List the prime factors of 283.
283
List the prime factors of 2939.
2939
What are the prime factors of 2661?
3, 887
What are the prime factors of 11576?
2, 1447
List the prime factors of 109.
109
List the prime factors of 16371.
3, 17, 107
List the prime factors of 38581.
41, 941
What are the prime factors of 54861?
3, 18287
What are the prime factors of 19589?
19, 1031
List the prime factors of 1213.
1213
What are the prime factors of 943?
23, 41
List the prime factors of 93599.
11, 67, 127
List the prime factors of 6781.
6781
List the prime factors of 3718.
2, 11, 13
List the prime factors of 2658.
2, 3, 443
List the prime factors of 27989.
13, 2153
What are the prime factors of 14331?
3, 17, 281
List the prime factors of 2736.
2, 3, 19
What are the prime factors of 74692?
2, 71, 263
What are the prime factors of 42020?
2, 5, 11, 191
What are the prime factors of 2492?
2, 7, 89
List the prime factors of 13557.
3, 4519
What are the prime factors of 1449?
3, 7, 23
What are the prime factors of 3703?
7, 23
What are the prime factors of 1467?
3, 163
What are the prime factors of 1164?
2, 3, 97
What are the prime factors of 1056?
2, 3, 11
List the prime factors of 47487.
3, 11, 1439
What are the prime factors of 906?
2, 3, 151
List the prime factors of 22029.
3, 7, 1049
List the prime factors of 1924.
2, 13, 37
List the prime factors of 1443.
3, 13, 37
What are the prime factors of 7791?
3, 7, 53
What are the prime factors of 11132?
2, 11, 23
What are the prime factors of 45293?
45293
List the prime factors of 2745.
3, 5, 61
What are the prime factors of 1503?
3, 167
What are the prime factors of 74254?
2, 137, 271
List the prime factors of 30785.
5, 47, 131
List the prime factors of 611.
13, 47
List the prime factors of 368.
2, 23
What are the prime factors of 5438?
2, 2719
What are the prime factors of 876?
2, 3, 73
List the prime factors of 82657.
82657
What are the prime factors of 6163?
6163
List the prime factors of 34734.
2, 3, 7, 827
What are the prime factors of 51632?
2, 7, 461
List the prime factors of 14130.
2, 3, 5, 157
What are the prime factors of 1490?
2, 5, 149
What are the prime factors of 14451?
3, 4817
List the prime factors of 12217.
19, 643
List the prime factors of 6701.
6701
List the prime factors of 75193.
75193
List the prime factors of 40523.
7, 827
List the prime factors of 1111.
11, 101
What are the prime factors of 3370?
2, 5, 337
List the prime factors of 873.
3, 97
List the prime factors of 1949.
1949
List the prime factors of 33713.
33713
What are the prime factors of 5115?
3, 5, 11, 31
List the prime factors of 50119.
50119
What are the prime factors of 104727?
3, 7, 4987
What are the prime factors of 11320?
2, 5, 283
What are the prime factors of 17631?
3, 653
What are the prime factors of 12604?
2, 23, 137
List the prime factors of 418.
2, 11, 19
What are the prime factors of 95561?
95561
What are the prime factors of 18736?
2, 1171
List the prime factors of 6466.
2, 53, 61
List the prime factors of 6885.
3, 5, 17
List the prime factors of 9705.
3, 5, 647
What are the prime factors of 7926?
2, 3, 1321
What are the prime factors of 61563?
3, 20521
List the prime factors of 54843.
3, 101, 181
What are the prime factors of 4660?
2, 5, 233
What are the prime factors of 350?
2, 5, 7
List the prime factors of 14578.
2, 37, 197
List the prime factors of 4913.
17
What are the prime factors of 12015?
3, 5, 89
What are the prime factors of 4686?
2, 3, 11, 71
List the prime factors of 2591.
2591
List the prime factors of 468.
2, 3, 13
What are the prime factors of 10615?
5, 11, 193
What are the prime factors of 223?
223
What are the prime factors of 37386?
2, 3, 31, 67
What are the prime factors of 22850?
2, 5, 457
What are the prime factors of 7714?
2, 7, 19, 29
What are the prime factors of 2355?
3, 5, 157
List the prime factors of 1074.
2, 3, 179
List the prime factors of 8854.
2, 19, 233
What are the prime factors of 1731?
3, 577
What are the prime factors of 5399?
5399
List the prime factors of 1904.
2, 7, 17
List the prime factors of 727.
727
List the prime factors of 7869.
3, 43, 61
What are the prime factors of 12020?
2, 5, 601
What are the prime factors of 5717?
5717
What are the prime factors of 2254?
2, 7, 23
What are the prime factors of 42050?
2, 5, 29
List the prime factors of 1469.
13, 113
List the prime factors of 68056.
2, 47, 181
List the prime factors of 5378.
2, 2689
What are the prime factors of 147514?
2, 73757
What are the prime factors of 17704?
2, 2213
What are the prime factors of 1590?
2, 3, 5, 53
List the prime factors of 108.
2, 3
List the prime factors of 1042.
2, 521
What are the prime factors of 7740?
2, 3, 5, 43
What are the prime factors of 72754?
2, 11, 3307
What are the prime factors of 4544?
